1 - 15 - 3 - 38.
-5
Calculate 0 - (-2 + (-6 - 3 - -2)).
9
7 + -7 + (7 + -17 - -7)
-3
Evaluate -1 + (0 - -6 - 10 - (1 - -6)).
-12
Calculate -17 + 8 + 18 + 7 + -2.
14
What is 1 - (-1 - 9 - (3 + -3 - 5))?
6
What is (-8 - 3) + 24 + -13?
0
What is the value of (-1 - -2) + -21 - (-2039 + 2045)?
-26
Calculate 2 + 4 + (2 - 23 - -27).
12
Evaluate -6 - (11 - (21 - -2)).
6
Calculate 0 + 8 - (-18 + -9 + 29).
6
What is the value of (32 - -1) + (341 - 365)?
9
What is 1 + -6 + -9 + -23 + 25?
-12
What is 21 - (-7 + 6) - 1 - (1 - 2)?
22
What is the value of -3 - (6 - -5) - -10 - -9?
5
Evaluate (0 - (2 + (0 - 2))) + (4978 - 4965).
13
What is (-75 - -69) + (25 - -1)?
20
What is the value of -8 - (-8 + 2) - (-10 - (-16 - -5))?
-3
Evaluate -28 + -22 + (50 - 15).
-15
What is the value of -31 - (17 - 31) - -2?
-15
Calculate (0 - -7) + (10 - 7) - (-86 + 93).
3
Calculate 3 + (9 - (-30 + 20)).
22
What is the value of (28 - -3) + -21 + -27?
-17
Calculate -5 + -8 + ((1 - 4) + 1 - -1).
-14
What is the value of -1 - 2 - (163 + -150)?
-16
Evaluate 20 - (33 - (-7 - -33)).
13
Evaluate 4 + -10 + 0 - (26 - 18).
-14
Calculate 5 - (8 - (8 + -3) - 3).
5
Evaluate -64 - -63 - (-13 + 8).
4
1 + -12 - (25 + -46)
10
-12 + (-40 - -27) + 1 + -7
-31
14 - ((-12 - (9 + (8 - 25))) + -3)
21
Calculate -6 - -7 - ((9 - 7) + -8).
7
(1 - (1 + 30)) + (-887 - -905)
-12
Evaluate -36 + 3 + -6 + 20.
-19
Evaluate 54 + 1 + 29 + -59.
25
Calculate 13 - -5 - 3 - (2 - -1).
12
Calculate 105 + -132 + (1 - -7).
-19
What is the value of 16 + (-21 - -31) - (1 + 7)?
18
Calculate 1 - (2 - 1) - (3 - (8 - 3)).
2
Evaluate 4 - (-4 - -26 - 8).
-10
What is -458 + 448 + (0 - -35)?
25
Evaluate 0 + (1 + -5 - (71 - 64) - -5).
-6
What is the value of 2 + -5 + 26 + 0 + -2 + -5?
16
87 + -74 + -15 + 1
-1
What is the value of -341 + 335 + (0 - (-29 + 2)) - 4?
17
What is the value of (-13 - 5) + 21 + 15?
18
What is 9 + 4 + -18 - (-3 - -4 - -4)?
-10
What is -16 + 4 + -8 + -1?
-21
Evaluate -10 + -12 + 17 + -6.
-11
Evaluate 13 + -14 + -4 + 5.
0
Calculate 3 - (9 - 9 - 5) - 4.
4
Evaluate -29 + (37 - -8 - 34).
-18
3 - ((2 - -3) + (13 + -16 - -4))
-3
Calculate 6 + ((-7 - 11) + 27 - (1 + 3)).
11
What is (-32 - -59) + -59 - -31?
-1
Evaluate -15 - ((-7 - 2) + -13 - -8).
-1
Evaluate (-1 - ((8 - 6) + -1)) + (-3 - 7).
-12
Calculate -3 + 23 + (-168 - -142).
-6
Calculate (-8 + (2 - 0) - -3) + (6 - 14).
-11
Calculate -6 + 3 + 5 + -14.
-12
Evaluate (157 - 158) + (-17 - (2 + 1)).
-21
What is the value of -5 - 0 - (-3 + -10) - 4?
4
What is -1 - (-7 - (-9 + -3 + 5))?
-1
Calculate (18 - 2) + (466 - 470).
12
What is the value of (-4 - 2) + -8 - (-8 + -21)?
15
Calculate -2 + -11 + 38 - 20.
5
Calculate 0 + 5 - (-35 + 37 + 25).
-22
2 - (-5 + (20 - 10) - (2 + 0))
-1
Calculate -7 + (4 - 1) + 10 + -7.
-1
Evaluate -18 + -16 + 34 - (-3 - -6 - 8).
5
What is (-2 - -2) + -263 + 267?
4
What is the value of -7 + 8 + -2 + -9 - 6?
-16
Calculate 1 + -1 + 5 - (-22 + -9 + 24).
12
Calculate -41 - (-3 + -23) - (-14 + -3).
2
Calculate (4 - (-8 + 13)) + 1 - (-3 - 3).
6
Calculate 8 + 6 + (-22 - (-7 - -13)).
-14
What is the value of -20 - (16 + -20 + -22)?
6
0 - 5 - (4 - (-6 + 0) - 8)
-7
What is -44 - (-4 - 14 - -3)?
-29
13 + (-25 - -7) + 6
1
What is 5 - (1 + 3 + 3) - (-5 + -1)?
4
Evaluate (465 - 391) + -39 + 1.
36
Calculate -6 + 9 + (-1 - (10 - 4)) - 19.
-23
What is (-69 - -47) + (4 - 1)?
-19
Calculate -17 + 9 - (7 - (1 - -3) - 2).
-9
Evaluate -1 + (3 - (8 + -11)) + 0 + 11.
16
What is the value of 84 + -76 + -29 + 6?
-15
What is the value of 7 + -8 + (3 - -4) + -1 - 1?
4
What is (313 - 321) + -5 + -1?
-14
Calculate (2 - 1 - 1) + 5 - (-118 - -112).
11
Calculate (26 - (-3 - -61)) + 54.
22
Evaluate -20 + 26 + -19 - (2 + -10).
-5
Calculate 15 - (-11 + 10 + 7).
9
68 + -27 + -17 + (1 - 2 - 0)
23
Calculate -15 - (-1 + 9 - (-3 + (14 - 2))).
-14
What is (-9 - -5) + 16 + -1 + -19?
-8
What is 3 + 16 + -10 + (8 - (34 + -6))?
-11
Calculate -3 + 15 + (-9 - -2 - (-2 + 1)).
6
Evaluate 8 + -19 + 73 + -27.
35
Calculate (-7 - (4 - 17 - (-1 + -6))) + 3.
2
8 + -12 + 1 + 21 + -4
14
Calculate 17 + (13 - -1 - 11 - 1).
19
What is the value of 32 - (-9 - -13 - -9)?
19
Calculate 1 - 14 - (-78 + 80).
-15
Evaluate (84 - 74) + -27 + 2.
-15
What is the value of (-1 - 2) + (-24 - -22) - 8?
-13
-196 - -207 - (-2 + -14 + 3)
24
What is the value of (1 - (2 + 3)) + 21 + (0 - 14)?
3
Evaluate 11 - (32 + -46 + (-7 - 1)).
33
Calculate 12 + -3 + -28 + (-13 - -35).
3
What is the value of -2 + 21 + 20 + -33?
6
Evaluate 24 + (-10 + (-11 - -15) - -4) + -8.
14
What is the value of -1020 + 1023 + (1 - 9)?
-5
Evaluate 31 + -16 + -35 - -32.
12
-42 + (-1 - -11) + (-20 - -18) + 7
-27
What is the value of -5 - (-69 - -38) - 58?
-32
-14 - (11 + (5 - 11) + -7)
-12
Evaluate 8 - 10 - 1 - -15.
12
What is the value of -8 - (67 + -55 - (-3 - -7))?
-16
What is 0 + (-23 - (21 + -34))?
-10
Calculate -8 + -3 + (4 - (5 - -2)).
-14
What is -10 - (9 + (2 - (24 - 17)))?
-14
What is the value of (-34 - 0) + 0 + 41 + -31?
-24
What is 7 - (12 + -10 + 3 + 4)?
-2
Evaluate (2 - 1 - (-24 + 22) - -6) + 4.
13
What is the value of 1 + -3 - (28 + -26 - (2 - 16))?
-18
-21 - (-3 + (-34 - -7))
9
What is the value of (-8 - (-2 + -22)) + -29?
-13
What is the value of 3 - (-2 - -12 - (-3 - -16))?
6
Evaluate 7 - (23 + -16 + -3).
3
(-19 - -28) + -3 + -3
3
Calculate 2498 + -2520 - (-20 - 1).
-1
Calculate 18 + 19 + -6 + -28.
3
Calculate 12 + 1 - ((-5 - 1) + -26 + 40).
5
Calculate -341 + 327 - (3 + -11 + 0).
-6
Calculate 0 + -14 + 77 + -74 - 5.
-16
What is the value of (-2 - -4) + (6 - -2)?
10
What is -1 - -16 - (5 + 14 + -2)?
-2
What is the value of -3 - -9 - 9 - (3 - 7)?
1
Evaluate 10 + 5 + -4 + 4 + -10.
5
Evaluate -25 + -2 + 13 + (0 - (-8 + 11)).
-17
What is the value of -8 - -18 - 8 - 14?
-12
Calculate (-9 - 13 - -29) + (-2 - 7).
-2
What is -14 - (-1 - 1 - (43 + (-82 - -46)))?
-5
Evaluate -54 - ((-6 - -11) + -34).
-25
Evaluate 7 + -16 + 38 - 41.
-12
What is the value of 14 + -9 - (12 + 1) - -3 - 5?
-10
Calculate (12 - 16) + -18 - -8.
-14
Evaluate -2 + -19 - (5 + 11 + -23 + 9).
-23
What is 14 + (0 - 2) + -22 + 9?
-1
What is (1015 - 1031) + 0 + 1 + (-3 - -2)?
-16
3 + -17 - -24 - 8
2
Calculate (-1 - -11) + -60 + -1 + 79.
28
21 - 8 - 11 - (13 + 2)
-13
What is the value of 125 + -104 + -2 + 4 + -20?
3
What is the value of (1 + 0 - 1) + -8595 + 8580?
-15
Evaluate -9 - ((-1 - (2 + -2)) + (-87 - -67)).
12
290 - 288 - (4 + 24)
-26
Calculate (5 - 16 - 19) + 18.
-12
What is (1 - (-11 + 13)) + 14?
13
(1 - (1 + -1 - -3)) + (17 - 18)
-3
What is (-15 - -9) + -4 - (-9 - 6)?
5
What is the value of (20 - (-4 + 11)) + -17?
-4
Calculate -12 + (4 - 5 - (-13 + 15)).
-15
What is 35 + -6 - (137 + -93)?
-15
Calculate 1 + -1 + (10 - 3) + (-37 - -59).
29
Evaluate -2 - (8 - (-11 + -2) - 5).
-18
What is the value of 2 + 25 - (102 + -94)?
19
What is the value of -10 - (9 + (2 - ((-4 - -4) + 43)))?
22
Calculate 9 + -40 + 18 + -1 + 8.
-6
-4 + (-5 - -6) + (-3 - 4) + -7
-17
What is the value of (0 - (13 + -7)) + (3 - 1) + -4?
-8
Evaluate -11 + 1 - ((3 + -6 - -1) + -4).
-4
Calculate 2 + -29 - (-48 + 12 - -34).
-25
What is the value of 19 - (2 + -6) - 21?
2
(-3 - (-3 + 4 + -3)) + -46 + 61
14
What is the value of 0 - -17 - (-24 + 45 + -17)?
13
What is 79 + -63 + 1 + (-3 - 3) + -15?
-4
What is the value of (0 - (0 - 0)) + -4 + 7 - 5?
-2
Evaluate 33 + -4 - ((-15 - -34) + -11 + -3).
24
What is the value of -26 - (-23 - -20) - -20?
-3
What is the value of (6 - (-5 + -4 + -1 + 7)) + -3?
6
8 - (11 + 3) - -3 - (-12 - -3)
6
What is (3 - 4) + (22 - -6 - 10 - 9)?
8
Calculate (-2 - (-11 - -16)) + 0.
-7
114 + -100 - (15 - -6)
-7
(19 - 19) + -7 + -6 + 14 + 8
9
What is (-4 - (-8 + 0 + -2)) + -15?
-9
Calculate 4 + 2 + (2 - 9) + 17.
16
Calculate -42 - (0 - 22) - -24.
4
-18 - (-23 + -20 + 9)
16
Evaluate 1 - 3 - (-6 - (0 + -11)).
-7
What is 59 + -64 - (1 + 2 + 1)?
-9
Evaluate (1 - -41 - 52) + 8 + 1.
-1
What is -9 - (3 - -4 - 24) - -1?
9
Evaluate -19 - -5 - -17 - (4 - -1).
-2
Calculate -18 - 0 - -9 - 3.
-12
Calculate (6 + (-8 - -8) - -6) + 4.
16
Calculate 1 + (-3 - 0) + -59 + 52.
-9
What is (9 - 2) + -4 - (5 + -12) - 27?
-17
(38 - 2) + -41 - 15
-20
What is the value of 13 + (-4 - ((5 - -2) + -11))?
13
What is (7 - 13) + (10 - 6) + -3?
-5
Calculate 0 - -10 - (112 - 103).
1
Evaluate (0 - 3) + 7 + -12 + 1 + -8.
